{"id":711,"date":"2024-12-02T12:26:34","date_gmt":"2024-12-02T12:26:34","guid":{"rendered":"https:\/\/quizzical-hopper.141-94-141-194.plesk.page\/?page_id=711"},"modified":"2026-02-02T18:25:30","modified_gmt":"2026-02-02T18:25:30","slug":"inscription","status":"publish","type":"page","link":"https:\/\/transmissio.org\/index.php\/inscription\/","title":{"rendered":"Inscription"},"content":{"rendered":"\t\t<div data-elementor-type=\"wp-page\" data-elementor-id=\"711\" class=\"elementor elementor-711\">\n\t\t\t\t<div class=\"elementor-element elementor-element-54082fd5 e-flex e-con-boxed parallax_section_no qode_elementor_container_no e-con e-parent\" data-id=\"54082fd5\" data-element_type=\"container\" data-e-type=\"container\" data-settings=\"{&quot;background_background&quot;:&quot;classic&quot;}\">\n\t\t\t\t\t<div class=\"e-con-inner\">\n\t\t\t\t\t<\/div>\n\t\t\t\t<\/div>\n\t\t<div class=\"elementor-element elementor-element-06af6a6 e-flex e-con-boxed parallax_section_no qode_elementor_container_no e-con e-parent\" data-id=\"06af6a6\" data-element_type=\"container\" data-e-type=\"container\">\n\t\t\t\t\t<div class=\"e-con-inner\">\n\t\t\t\t<div class=\"elementor-element elementor-element-3852984 elementor-widget elementor-widget-image\" data-id=\"3852984\" data-element_type=\"widget\" data-e-type=\"widget\" data-widget_type=\"image.default\">\n\t\t\t\t<div class=\"elementor-widget-container\">\n\t\t\t\t\t\t\t\t\t\t\t\t\t\t\t<img fetchpriority=\"high\" decoding=\"async\" width=\"800\" height=\"366\" src=\"https:\/\/transmissio.org\/wp-content\/uploads\/2024\/12\/3xsansfrais.png\" class=\"attachment-large size-large wp-image-1321\" alt=\"\" srcset=\"https:\/\/transmissio.org\/wp-content\/uploads\/2024\/12\/3xsansfrais.png 800w, https:\/\/transmissio.org\/wp-content\/uploads\/2024\/12\/3xsansfrais-300x137.png 300w, https:\/\/transmissio.org\/wp-content\/uploads\/2024\/12\/3xsansfrais-768x351.png 768w, https:\/\/transmissio.org\/wp-content\/uploads\/2024\/12\/3xsansfrais-700x320.png 700w\" sizes=\"(max-width: 800px) 100vw, 800px\" \/>\t\t\t\t\t\t\t\t\t\t\t\t\t\t\t<\/div>\n\t\t\t\t<\/div>\n\t\t\t\t<div class=\"elementor-element elementor-element-96db2bf elementor-widget elementor-widget-text-editor\" data-id=\"96db2bf\" data-element_type=\"widget\" data-e-type=\"widget\" data-widget_type=\"text-editor.default\">\n\t\t\t\t<div class=\"elementor-widget-container\">\n\t\t\t\t\t\t\t\t\t<p><strong>Les vacances auront lieu du vendredi 21 ao\u00fbt 2026 en fin de journ\u00e9e (arriv\u00e9e \u00e0 partir de 17h) au mardi 25 ao\u00fbt 2026 (d\u00e9part dans l&rsquo;apr\u00e8s-midi)<\/strong><\/p><p>\u00a0<\/p><p><strong>Plusieurs modalit\u00e9s d&rsquo;accueil s&rsquo;offrent \u00e0 vous :<\/strong><\/p><p>1\/ En chambres sur le domaine (les chambres sont affect\u00e9es en tenant compte de vos \u00e9ventuels liens avec d&rsquo;autres vacanciers)<\/p><p>2\/ Avec votre propre tente sur le domaine, les sanitaires \u00e9tant mis \u00e0 votre disposition<\/p><p>3\/ A l&rsquo;ext\u00e9rieur du domaine mais en prenant les repas sur place : gites, chambres d&rsquo;h\u00f4tes ou au Centre spirituel Marthe et Marie de B\u00e9thanie \u00e0 5mn du domaine en passant par ce formulaire :\u00a0<\/p><div><a href=\"https:\/\/nouan.beatitudes.org\/hebergement-session-transmissio-a-chales\/\" target=\"_blank\" rel=\"noopener\" data-saferedirecturl=\"https:\/\/www.google.com\/url?q=https:\/\/nouan.beatitudes.org\/hebergement-session-transmissio-a-chales\/&amp;source=gmail&amp;ust=1769079453173000&amp;usg=AOvVaw1OrZlKcfdxKAP3GqLZRG7S\">https:\/\/nouan.beatitudes.org\/<wbr \/>hebergement-session-<wbr \/>transmissio-a-chales\/<\/a><\/div><div><div role=\"link\">\u00a0<\/div><\/div><p><strong><span style=\"color: #ff0000;\">Si vous souhaitez b\u00e9n\u00e9ficier d&rsquo;un r\u00e8glement en 3 \u00e0 6 mensualit\u00e9s en fonction de la date de votre demande,<\/span><\/strong><\/p><p><strong><span style=\"color: #ff0000;\"> NE VOUS INSCRIVEZ PAS EN LIGNE MAIS\u00a0 ENVOYEZ NOUS VOTRE DEMANDE PAR MAIL :\u00a0 contact@transmissio.org<\/span><\/strong><\/p><p>\u00a0<\/p><p><strong>Nous cr\u00e9ons un fonds de solidarit\u00e9 pour permettre \u00e0 toutes les familles de profiter de ces vacances si importantes pour le ressourcement familial.\u00a0<\/strong><\/p><p><strong>Si vous souhaitez b\u00e9n\u00e9ficier d&rsquo;une aide, contactez-nous (contact@transmissio.org) ;<\/strong><\/p><p><strong> si vous souhaitez parrainer toute ou partie d&rsquo;une famille nombreuse ou en difficult\u00e9,<\/strong><\/p><p><strong>effectuez votre don <a href=\"https:\/\/transmissio.org\/index.php\/nous-soutenir\/#iframe_assoconnect\">sur ce lien,<\/a> vous recevrez imm\u00e9diatement votre re\u00e7u fiscal.<\/strong>\u00a0<\/p><p>\u00a0<\/p><p>\u00a0<\/p><p>Toute inscription est d\u00e9finitive afin de ne pas p\u00e9naliser d&rsquo;autres vacanciers par des annulations de derni\u00e8re minute.\u00a0<\/p><p><strong>Attention, notre capacit\u00e9 d&rsquo;accueil \u00e9tait de 580 personnes ; en 2025, cette jauge a \u00e9t\u00e9 atteinte en 15 jours : ne tardez-pas !\u00a0<\/strong><\/p>\t\t\t\t\t\t\t\t<\/div>\n\t\t\t\t<\/div>\n\t\t\t\t\t<\/div>\n\t\t\t\t<\/div>\n\t\t<div class=\"elementor-element elementor-element-add977e e-flex e-con-boxed parallax_section_no qode_elementor_container_no e-con e-parent\" data-id=\"add977e\" data-element_type=\"container\" data-e-type=\"container\">\n\t\t\t\t\t<div class=\"e-con-inner\">\n\t\t<a class=\"elementor-element elementor-element-aa16d47 e-con-full e-flex parallax_section_no qode_elementor_container_no e-con e-child\" data-id=\"aa16d47\" data-element_type=\"container\" data-e-type=\"container\" href=\"https:\/\/widget.weezevent.com\/ticket\/E1598477\/?code=60896&#038;locale=fr-FR&#038;width_auto=1&#038;color_primary=0032FA\">\n\t\t\t\t<div class=\"elementor-element elementor-element-5abba01 elementor-widget elementor-widget-heading\" data-id=\"5abba01\" data-element_type=\"widget\" data-e-type=\"widget\" data-widget_type=\"heading.default\">\n\t\t\t\t<div class=\"elementor-widget-container\">\n\t\t\t\t\t<h2 class=\"elementor-heading-title elementor-size-default\"><a href=\"https:\/\/widget.weezevent.com\/ticket\/E1598477\/?code=60896&#038;locale=fr-FR&#038;width_auto=1&#038;color_primary=0032FA\" rel=\"nofollow\">INSCRIPTIONS<\/a><\/h2>\t\t\t\t<\/div>\n\t\t\t\t<\/div>\n\t\t\t\t<div class=\"elementor-element elementor-element-6255f9b elementor-widget elementor-widget-html\" data-id=\"6255f9b\" data-element_type=\"widget\" data-e-type=\"widget\" data-widget_type=\"html.default\">\n\t\t\t\t<div class=\"elementor-widget-container\">\n\t\t\t\t\t <a title=\"Logiciel billetterie en ligne\"\n href=\"https:\/\/widget.weezevent.com\/ticket\/E1598477\/?code=60896&locale=fr-FR&width_auto=1&color_primary=0032FA\"\n class=\"weezevent-widget-integration\"\n data-src=\"https:\/\/widget.weezevent.com\/ticket\/E1598477\/?code=60896&locale=fr-FR&width_auto=1&color_primary=0032FA\"\n  data-id=\"1598477\"\n data-resize=\"1\"\n data-width_auto=\"1\"\n data-noscroll=\"0\"\n data-use-container=\"yes\"\n data-type=\"neo\"\n target=\"_blank\">Billetterie Weezevent<\/a>\n<script type=\"text\/javascript\" src=\"https:\/\/widget.weezevent.com\/weez.js\"><\/script>\t\t\t\t<\/div>\n\t\t\t\t<\/div>\n\t\t\t\t<\/a>\n\t\t\t\t\t<\/div>\n\t\t\t\t<\/div>\n\t\t<div class=\"elementor-element elementor-element-b4ec838 e-flex e-con-boxed parallax_section_no qode_elementor_container_no e-con e-parent\" data-id=\"b4ec838\" data-element_type=\"container\" data-e-type=\"container\">\n\t\t\t\t\t<div class=\"e-con-inner\">\n\t\t\t\t<div class=\"elementor-element elementor-element-bd5f4e9 elementor-widget elementor-widget-image\" data-id=\"bd5f4e9\" data-element_type=\"widget\" data-e-type=\"widget\" data-widget_type=\"image.default\">\n\t\t\t\t<div class=\"elementor-widget-container\">\n\t\t\t\t\t\t\t\t\t\t\t\t\t\t\t<img decoding=\"async\" width=\"1024\" height=\"383\" src=\"https:\/\/transmissio.org\/wp-content\/uploads\/2025\/10\/Transmissio-53-1024x383.jpeg\" class=\"attachment-large size-large wp-image-1880\" alt=\"\" srcset=\"https:\/\/transmissio.org\/wp-content\/uploads\/2025\/10\/Transmissio-53-1024x383.jpeg 1024w, https:\/\/transmissio.org\/wp-content\/uploads\/2025\/10\/Transmissio-53-300x112.jpeg 300w, https:\/\/transmissio.org\/wp-content\/uploads\/2025\/10\/Transmissio-53-768x287.jpeg 768w, https:\/\/transmissio.org\/wp-content\/uploads\/2025\/10\/Transmissio-53-1536x574.jpeg 1536w, https:\/\/transmissio.org\/wp-content\/uploads\/2025\/10\/Transmissio-53-2048x766.jpeg 2048w, https:\/\/transmissio.org\/wp-content\/uploads\/2025\/10\/Transmissio-53-700x262.jpeg 700w, https:\/\/transmissio.org\/wp-content\/uploads\/2025\/10\/Transmissio-53-1320x494.jpeg 1320w\" sizes=\"(max-width: 1024px) 100vw, 1024px\" \/>\t\t\t\t\t\t\t\t\t\t\t\t\t\t\t<\/div>\n\t\t\t\t<\/div>\n\t\t\t\t\t<\/div>\n\t\t\t\t<\/div>\n\t\t<div class=\"elementor-element elementor-element-0e70558 e-flex e-con-boxed parallax_section_no qode_elementor_container_no e-con e-parent\" data-id=\"0e70558\" data-element_type=\"container\" data-e-type=\"container\">\n\t\t\t\t\t<div class=\"e-con-inner\">\n\t\t\t\t<div class=\"elementor-element elementor-element-04f6a45 elementor-widget elementor-widget-heading\" data-id=\"04f6a45\" data-element_type=\"widget\" data-e-type=\"widget\" data-widget_type=\"heading.default\">\n\t\t\t\t<div class=\"elementor-widget-container\">\n\t\t\t\t\t<h2 class=\"elementor-heading-title elementor-size-default\">RETROUVEZ L'\u00c9DITION 2025<\/h2>\t\t\t\t<\/div>\n\t\t\t\t<\/div>\n\t\t\t\t\t<\/div>\n\t\t\t\t<\/div>\n\t\t<div class=\"elementor-element elementor-element-e86af64 e-flex e-con-boxed parallax_section_no qode_elementor_container_no e-con e-parent\" data-id=\"e86af64\" data-element_type=\"container\" data-e-type=\"container\">\n\t\t\t\t\t<div class=\"e-con-inner\">\n\t\t\t\t<div class=\"elementor-element elementor-element-259ff23 elementor-widget elementor-widget-video\" data-id=\"259ff23\" data-element_type=\"widget\" data-e-type=\"widget\" data-settings=\"{&quot;youtube_url&quot;:&quot;https:\\\/\\\/www.youtube.com\\\/watch?v=-LhoxYwcaD0&quot;,&quot;autoplay&quot;:&quot;yes&quot;,&quot;video_type&quot;:&quot;youtube&quot;,&quot;controls&quot;:&quot;yes&quot;}\" data-widget_type=\"video.default\">\n\t\t\t\t<div class=\"elementor-widget-container\">\n\t\t\t\t\t\t\t<div class=\"elementor-wrapper elementor-open-inline\">\n\t\t\t<div class=\"elementor-video\"><\/div>\t\t<\/div>\n\t\t\t\t\t\t<\/div>\n\t\t\t\t<\/div>\n\t\t\t\t\t<\/div>\n\t\t\t\t<\/div>\n\t\t<div class=\"elementor-element elementor-element-49b8f6c e-flex e-con-boxed parallax_section_no qode_elementor_container_no e-con e-parent\" data-id=\"49b8f6c\" data-element_type=\"container\" data-e-type=\"container\">\n\t\t\t\t\t<div class=\"e-con-inner\">\n\t\t\t\t\t<\/div>\n\t\t\t\t<\/div>\n\t\t\t\t<\/div>\n\t\t","protected":false},"excerpt":{"rendered":"<p>Les vacances auront lieu du vendredi 21 ao\u00fbt 2026 en fin de journ\u00e9e (arriv\u00e9e \u00e0 partir de 17h) au mardi 25 ao\u00fbt 2026 (d\u00e9part dans l&rsquo;apr\u00e8s-midi) \u00a0 Plusieurs modalit\u00e9s d&rsquo;accueil s&rsquo;offrent \u00e0 vous : 1\/ En chambres sur le domaine (les chambres sont affect\u00e9es en&#8230;<\/p>\n","protected":false},"author":1,"featured_media":1629,"parent":0,"menu_order":0,"comment_status":"closed","ping_status":"closed","template":"","meta":{"content-type":"","footnotes":""},"class_list":["post-711","page","type-page","status-publish","has-post-thumbnail","hentry"],"yoast_head":"<!-- This site is optimized with the Yoast SEO plugin v27.5 - https:\/\/yoast.com\/product\/yoast-seo-wordpress\/ -->\n<title>Inscription - Transmissio<\/title>\n<meta name=\"description\" content=\"Inscription pour participer aux s\u00e9jours de vacances avec le Bon Dieu organis\u00e9 par TRANSMISSIO pour les familles catholiques traditionnelles.\" \/>\n<meta name=\"robots\" content=\"index, follow, max-snippet:-1, max-image-preview:large, max-video-preview:-1\" \/>\n<link rel=\"canonical\" href=\"https:\/\/transmissio.org\/index.php\/inscription\/\" \/>\n<meta property=\"og:locale\" content=\"fr_FR\" \/>\n<meta property=\"og:type\" content=\"article\" \/>\n<meta property=\"og:title\" content=\"Inscription - Transmissio\" \/>\n<meta property=\"og:description\" content=\"Inscription pour participer aux s\u00e9jours de vacances avec le Bon Dieu organis\u00e9 par TRANSMISSIO pour les familles catholiques traditionnelles.\" \/>\n<meta property=\"og:url\" content=\"https:\/\/transmissio.org\/index.php\/inscription\/\" \/>\n<meta property=\"og:site_name\" content=\"Transmissio\" \/>\n<meta property=\"article:modified_time\" content=\"2026-02-02T18:25:30+00:00\" \/>\n<meta property=\"og:image\" content=\"https:\/\/transmissio.org\/wp-content\/uploads\/2025\/01\/Transmissio-Logo-scaled.jpg\" \/>\n\t<meta property=\"og:image:width\" content=\"2560\" \/>\n\t<meta property=\"og:image:height\" content=\"2560\" \/>\n\t<meta property=\"og:image:type\" content=\"image\/jpeg\" \/>\n<meta name=\"twitter:card\" content=\"summary_large_image\" \/>\n<meta name=\"twitter:label1\" content=\"Dur\u00e9e de lecture estim\u00e9e\" \/>\n\t<meta name=\"twitter:data1\" content=\"2 minutes\" \/>\n<script type=\"application\/ld+json\" class=\"yoast-schema-graph\">{\"@context\":\"https:\\\/\\\/schema.org\",\"@graph\":[{\"@type\":\"WebPage\",\"@id\":\"https:\\\/\\\/transmissio.org\\\/index.php\\\/inscription\\\/\",\"url\":\"https:\\\/\\\/transmissio.org\\\/index.php\\\/inscription\\\/\",\"name\":\"Inscription - Transmissio\",\"isPartOf\":{\"@id\":\"https:\\\/\\\/transmissio.org\\\/#website\"},\"primaryImageOfPage\":{\"@id\":\"https:\\\/\\\/transmissio.org\\\/index.php\\\/inscription\\\/#primaryimage\"},\"image\":{\"@id\":\"https:\\\/\\\/transmissio.org\\\/index.php\\\/inscription\\\/#primaryimage\"},\"thumbnailUrl\":\"https:\\\/\\\/transmissio.org\\\/wp-content\\\/uploads\\\/2025\\\/01\\\/Transmissio-Logo-scaled.jpg\",\"datePublished\":\"2024-12-02T12:26:34+00:00\",\"dateModified\":\"2026-02-02T18:25:30+00:00\",\"description\":\"Inscription pour participer aux s\u00e9jours de vacances avec le Bon Dieu organis\u00e9 par TRANSMISSIO pour les familles catholiques traditionnelles.\",\"breadcrumb\":{\"@id\":\"https:\\\/\\\/transmissio.org\\\/index.php\\\/inscription\\\/#breadcrumb\"},\"inLanguage\":\"fr-FR\",\"potentialAction\":[{\"@type\":\"ReadAction\",\"target\":[\"https:\\\/\\\/transmissio.org\\\/index.php\\\/inscription\\\/\"]}]},{\"@type\":\"ImageObject\",\"inLanguage\":\"fr-FR\",\"@id\":\"https:\\\/\\\/transmissio.org\\\/index.php\\\/inscription\\\/#primaryimage\",\"url\":\"https:\\\/\\\/transmissio.org\\\/wp-content\\\/uploads\\\/2025\\\/01\\\/Transmissio-Logo-scaled.jpg\",\"contentUrl\":\"https:\\\/\\\/transmissio.org\\\/wp-content\\\/uploads\\\/2025\\\/01\\\/Transmissio-Logo-scaled.jpg\",\"width\":2560,\"height\":2560},{\"@type\":\"BreadcrumbList\",\"@id\":\"https:\\\/\\\/transmissio.org\\\/index.php\\\/inscription\\\/#breadcrumb\",\"itemListElement\":[{\"@type\":\"ListItem\",\"position\":1,\"name\":\"Accueil\",\"item\":\"https:\\\/\\\/transmissio.org\\\/\"},{\"@type\":\"ListItem\",\"position\":2,\"name\":\"Inscription\"}]},{\"@type\":\"WebSite\",\"@id\":\"https:\\\/\\\/transmissio.org\\\/#website\",\"url\":\"https:\\\/\\\/transmissio.org\\\/\",\"name\":\"Transmissio\",\"description\":\"Des vacances familiales avec le Bon Dieu\",\"publisher\":{\"@id\":\"https:\\\/\\\/transmissio.org\\\/#organization\"},\"potentialAction\":[{\"@type\":\"SearchAction\",\"target\":{\"@type\":\"EntryPoint\",\"urlTemplate\":\"https:\\\/\\\/transmissio.org\\\/?s={search_term_string}\"},\"query-input\":{\"@type\":\"PropertyValueSpecification\",\"valueRequired\":true,\"valueName\":\"search_term_string\"}}],\"inLanguage\":\"fr-FR\"},{\"@type\":\"Organization\",\"@id\":\"https:\\\/\\\/transmissio.org\\\/#organization\",\"name\":\"Transmissio\",\"url\":\"https:\\\/\\\/transmissio.org\\\/\",\"logo\":{\"@type\":\"ImageObject\",\"inLanguage\":\"fr-FR\",\"@id\":\"https:\\\/\\\/transmissio.org\\\/#\\\/schema\\\/logo\\\/image\\\/\",\"url\":\"https:\\\/\\\/transmissio.org\\\/wp-content\\\/uploads\\\/2024\\\/12\\\/logo_transmissio_big.png\",\"contentUrl\":\"https:\\\/\\\/transmissio.org\\\/wp-content\\\/uploads\\\/2024\\\/12\\\/logo_transmissio_big.png\",\"width\":579,\"height\":474,\"caption\":\"Transmissio\"},\"image\":{\"@id\":\"https:\\\/\\\/transmissio.org\\\/#\\\/schema\\\/logo\\\/image\\\/\"}}]}<\/script>\n<!-- \/ Yoast SEO plugin. -->","yoast_head_json":{"title":"Inscription - Transmissio","description":"Inscription pour participer aux s\u00e9jours de vacances avec le Bon Dieu organis\u00e9 par TRANSMISSIO pour les familles catholiques traditionnelles.","robots":{"index":"index","follow":"follow","max-snippet":"max-snippet:-1","max-image-preview":"max-image-preview:large","max-video-preview":"max-video-preview:-1"},"canonical":"https:\/\/transmissio.org\/index.php\/inscription\/","og_locale":"fr_FR","og_type":"article","og_title":"Inscription - Transmissio","og_description":"Inscription pour participer aux s\u00e9jours de vacances avec le Bon Dieu organis\u00e9 par TRANSMISSIO pour les familles catholiques traditionnelles.","og_url":"https:\/\/transmissio.org\/index.php\/inscription\/","og_site_name":"Transmissio","article_modified_time":"2026-02-02T18:25:30+00:00","og_image":[{"width":2560,"height":2560,"url":"https:\/\/transmissio.org\/wp-content\/uploads\/2025\/01\/Transmissio-Logo-scaled.jpg","type":"image\/jpeg"}],"twitter_card":"summary_large_image","twitter_misc":{"Dur\u00e9e de lecture estim\u00e9e":"2 minutes"},"schema":{"@context":"https:\/\/schema.org","@graph":[{"@type":"WebPage","@id":"https:\/\/transmissio.org\/index.php\/inscription\/","url":"https:\/\/transmissio.org\/index.php\/inscription\/","name":"Inscription - Transmissio","isPartOf":{"@id":"https:\/\/transmissio.org\/#website"},"primaryImageOfPage":{"@id":"https:\/\/transmissio.org\/index.php\/inscription\/#primaryimage"},"image":{"@id":"https:\/\/transmissio.org\/index.php\/inscription\/#primaryimage"},"thumbnailUrl":"https:\/\/transmissio.org\/wp-content\/uploads\/2025\/01\/Transmissio-Logo-scaled.jpg","datePublished":"2024-12-02T12:26:34+00:00","dateModified":"2026-02-02T18:25:30+00:00","description":"Inscription pour participer aux s\u00e9jours de vacances avec le Bon Dieu organis\u00e9 par TRANSMISSIO pour les familles catholiques traditionnelles.","breadcrumb":{"@id":"https:\/\/transmissio.org\/index.php\/inscription\/#breadcrumb"},"inLanguage":"fr-FR","potentialAction":[{"@type":"ReadAction","target":["https:\/\/transmissio.org\/index.php\/inscription\/"]}]},{"@type":"ImageObject","inLanguage":"fr-FR","@id":"https:\/\/transmissio.org\/index.php\/inscription\/#primaryimage","url":"https:\/\/transmissio.org\/wp-content\/uploads\/2025\/01\/Transmissio-Logo-scaled.jpg","contentUrl":"https:\/\/transmissio.org\/wp-content\/uploads\/2025\/01\/Transmissio-Logo-scaled.jpg","width":2560,"height":2560},{"@type":"BreadcrumbList","@id":"https:\/\/transmissio.org\/index.php\/inscription\/#breadcrumb","itemListElement":[{"@type":"ListItem","position":1,"name":"Accueil","item":"https:\/\/transmissio.org\/"},{"@type":"ListItem","position":2,"name":"Inscription"}]},{"@type":"WebSite","@id":"https:\/\/transmissio.org\/#website","url":"https:\/\/transmissio.org\/","name":"Transmissio","description":"Des vacances familiales avec le Bon Dieu","publisher":{"@id":"https:\/\/transmissio.org\/#organization"},"potentialAction":[{"@type":"SearchAction","target":{"@type":"EntryPoint","urlTemplate":"https:\/\/transmissio.org\/?s={search_term_string}"},"query-input":{"@type":"PropertyValueSpecification","valueRequired":true,"valueName":"search_term_string"}}],"inLanguage":"fr-FR"},{"@type":"Organization","@id":"https:\/\/transmissio.org\/#organization","name":"Transmissio","url":"https:\/\/transmissio.org\/","logo":{"@type":"ImageObject","inLanguage":"fr-FR","@id":"https:\/\/transmissio.org\/#\/schema\/logo\/image\/","url":"https:\/\/transmissio.org\/wp-content\/uploads\/2024\/12\/logo_transmissio_big.png","contentUrl":"https:\/\/transmissio.org\/wp-content\/uploads\/2024\/12\/logo_transmissio_big.png","width":579,"height":474,"caption":"Transmissio"},"image":{"@id":"https:\/\/transmissio.org\/#\/schema\/logo\/image\/"}}]}},"_links":{"self":[{"href":"https:\/\/transmissio.org\/index.php\/wp-json\/wp\/v2\/pages\/711","targetHints":{"allow":["GET"]}}],"collection":[{"href":"https:\/\/transmissio.org\/index.php\/wp-json\/wp\/v2\/pages"}],"about":[{"href":"https:\/\/transmissio.org\/index.php\/wp-json\/wp\/v2\/types\/page"}],"author":[{"embeddable":true,"href":"https:\/\/transmissio.org\/index.php\/wp-json\/wp\/v2\/users\/1"}],"replies":[{"embeddable":true,"href":"https:\/\/transmissio.org\/index.php\/wp-json\/wp\/v2\/comments?post=711"}],"version-history":[{"count":118,"href":"https:\/\/transmissio.org\/index.php\/wp-json\/wp\/v2\/pages\/711\/revisions"}],"predecessor-version":[{"id":2008,"href":"https:\/\/transmissio.org\/index.php\/wp-json\/wp\/v2\/pages\/711\/revisions\/2008"}],"wp:featuredmedia":[{"embeddable":true,"href":"https:\/\/transmissio.org\/index.php\/wp-json\/wp\/v2\/media\/1629"}],"wp:attachment":[{"href":"https:\/\/transmissio.org\/index.php\/wp-json\/wp\/v2\/media?parent=711"}],"curies":[{"name":"wp","href":"https:\/\/api.w.org\/{rel}","templated":true}]}}